{"id":525,"date":"2022-08-15T18:16:28","date_gmt":"2022-08-15T16:16:28","guid":{"rendered":"https:\/\/demo.creativethemes.com\/elementor\/catering\/?page_id=525"},"modified":"2025-08-27T23:00:07","modified_gmt":"2025-08-27T21:00:07","slug":"dla-zawodnikow","status":"publish","type":"page","link":"https:\/\/wyscigszczawne.pl\/index.php\/dla-zawodnikow\/","title":{"rendered":"Dla zawodnik\u00f3w"},"content":{"rendered":"\t\t<div data-elementor-type=\"wp-page\" data-elementor-id=\"525\" class=\"elementor elementor-525\" data-elementor-post-type=\"page\">\n\t\t\t\t<div class=\"elementor-element elementor-element-d9f09de e-flex e-con-boxed e-con e-parent\" data-id=\"d9f09de\" data-element_type=\"container\" data-settings=\"{&quot;background_background&quot;:&quot;classic&quot;}\">\n\t\t\t\t\t<div class=\"e-con-inner\">\n\t\t\t\t<div class=\"elementor-element elementor-element-fbdaccc elementor-widget elementor-widget-shortcode\" data-id=\"fbdaccc\" data-element_type=\"widget\" data-widget_type=\"shortcode.default\">\n\t\t\t\t<div class=\"elementor-widget-container\">\n\t\t\t\t\t\t\t<div class=\"elementor-shortcode\"><\/div>\n\t\t\t\t\t\t<\/div>\n\t\t\t\t<\/div>\n\t\t\t\t<div class=\"elementor-element elementor-element-270307a elementor-widget elementor-widget-heading\" data-id=\"270307a\" data-element_type=\"widget\" data-widget_type=\"heading.default\">\n\t\t\t\t<div class=\"elementor-widget-container\">\n\t\t\t\t\t<h2 class=\"elementor-heading-title elementor-size-default\">Dla zawodnik\u00f3w<\/h2>\t\t\t\t<\/div>\n\t\t\t\t<\/div>\n\t\t\t\t\t<\/div>\n\t\t\t\t<\/div>\n\t\t<div class=\"elementor-element elementor-element-822a44a e-flex e-con-boxed e-con e-parent\" data-id=\"822a44a\" data-element_type=\"container\">\n\t\t\t\t\t<div class=\"e-con-inner\">\n\t\t\t\t<div class=\"elementor-element elementor-element-a8c772b elementor-widget elementor-widget-html\" data-id=\"a8c772b\" data-element_type=\"widget\" data-widget_type=\"html.default\">\n\t\t\t\t<div class=\"elementor-widget-container\">\n\t\t\t\t\t<iframe src=\"https:\/\/webapp.sportity.com\/event\/GSMP2025\/eb945b59-8502-4e9e-a508-9d4c30c7b316\" style=\"display: block; width: 100%; min-height: 700px;\"> <\/iframe>\t\t\t\t<\/div>\n\t\t\t\t<\/div>\n\t\t\t\t\t<\/div>\n\t\t\t\t<\/div>\n\t\t<div class=\"elementor-element elementor-element-8d6161f e-flex e-con-boxed e-con e-parent\" data-id=\"8d6161f\" data-element_type=\"container\">\n\t\t\t\t\t<div class=\"e-con-inner\">\n\t\t\t\t<div class=\"elementor-element elementor-element-cb0c095 elementor-widget elementor-widget-image\" data-id=\"cb0c095\" data-element_type=\"widget\" data-widget_type=\"image.default\">\n\t\t\t\t<div class=\"elementor-widget-container\">\n\t\t\t\t\t\t\t\t\t\t\t\t\t\t\t<img fetchpriority=\"high\" decoding=\"async\" width=\"778\" height=\"1024\" src=\"https:\/\/wyscigszczawne.pl\/wp-content\/uploads\/2025\/08\/457680250_1082770073281511_1888729060391827414_n-778x1024.jpg\" class=\"attachment-large size-large wp-image-1544\" alt=\"\" srcset=\"https:\/\/wyscigszczawne.pl\/wp-content\/uploads\/2025\/08\/457680250_1082770073281511_1888729060391827414_n-778x1024.jpg 778w, https:\/\/wyscigszczawne.pl\/wp-content\/uploads\/2025\/08\/457680250_1082770073281511_1888729060391827414_n-228x300.jpg 228w, https:\/\/wyscigszczawne.pl\/wp-content\/uploads\/2025\/08\/457680250_1082770073281511_1888729060391827414_n-768x1011.jpg 768w, https:\/\/wyscigszczawne.pl\/wp-content\/uploads\/2025\/08\/457680250_1082770073281511_1888729060391827414_n-1167x1536.jpg 1167w, https:\/\/wyscigszczawne.pl\/wp-content\/uploads\/2025\/08\/457680250_1082770073281511_1888729060391827414_n-1556x2048.jpg 1556w, https:\/\/wyscigszczawne.pl\/wp-content\/uploads\/2025\/08\/457680250_1082770073281511_1888729060391827414_n-scaled.jpg 1945w\" sizes=\"(max-width: 778px) 100vw, 778px\" \/>\t\t\t\t\t\t\t\t\t\t\t\t\t\t\t<\/div>\n\t\t\t\t<\/div>\n\t\t\t\t\t<\/div>\n\t\t\t\t<\/div>\n\t\t\t\t<\/div>\n\t\t","protected":false},"excerpt":{"rendered":"<p>Dla zawodnik\u00f3w<\/p>\n","protected":false},"author":1,"featured_media":0,"parent":0,"menu_order":0,"comment_status":"closed","ping_status":"closed","template":"","meta":{"footnotes":""},"class_list":["post-525","page","type-page","status-publish","hentry"],"blocksy_meta":{"page_title_panel":"","has_hero_section":"disabled","8a608d2ce367fe9d811971fe44609466":"","hero_section":"type-1","hero_elements":[{"id":"custom_title","enabled":true,"heading_tag":"h1","title":"Home"},{"id":"custom_description","enabled":true,"description_visibility":{"desktop":true,"tablet":true,"mobile":false}},{"id":"custom_meta","enabled":false,"meta_elements":[{"id":"author","enabled":true,"label":"By","has_author_avatar":"yes","avatar_size":25},{"id":"post_date","enabled":true,"label":"On","date_format_source":"default","date_format":"M j, Y"},{"id":"updated_date","enabled":false,"label":"On","date_format_source":"default","date_format":"M j, Y"},{"id":"categories","enabled":false,"label":"In","style":"simple"},{"id":"comments","enabled":true}],"page_meta_elements":{"joined":true,"articles_count":true,"comments":true}},{"id":"breadcrumbs","enabled":false}],"96004ba6d96f1c694e78018e518e16a4":"","hero_alignment1":"CT_CSS_SKIP_RULE","hero_margin":40,"hero_alignment2":"center","hero_vertical_alignment":"center","954fdfcf225eb6201486fcae2ff624bd":"","hero_structure":"narrow","73c906bb9680ab50eb080c26b1874ab9":"","page_title_bg_type":"featured_image","custom_hero_background":{"attachment_id":null},"page_title_image_size":"full","parallax":{"desktop":false,"tablet":false,"mobile":false},"35c3b59b5c9cbabd16152a78a108ffaf":"","hero_height":"250px","pageTitleFont":{"family":"Default","variation":"Default","size":"30px","line-height":"CT_CSS_SKIP_RULE","letter-spacing":"CT_CSS_SKIP_RULE","text-transform":"CT_CSS_SKIP_RULE","text-decoration":"CT_CSS_SKIP_RULE"},"pageTitleFontColor":{"default":{"color":"CT_CSS_SKIP_RULEDEFAULT"}},"pageMetaFont":{"family":"Default","variation":"n6","size":"12px","line-height":"1.3","letter-spacing":"CT_CSS_SKIP_RULE","text-transform":"uppercase","text-decoration":"CT_CSS_SKIP_RULE"},"pageMetaFontColor":{"default":{"color":"CT_CSS_SKIP_RULEDEFAULT"},"hover":{"color":"CT_CSS_SKIP_RULEDEFAULT"}},"page_meta_button_type_font_colors":{"default":{"color":"CT_CSS_SKIP_RULEDEFAULT"},"hover":{"color":"CT_CSS_SKIP_RULEDEFAULT"}},"page_meta_button_type_background_colors":{"default":{"color":"CT_CSS_SKIP_RULEDEFAULT"},"hover":{"color":"CT_CSS_SKIP_RULEDEFAULT"}},"pageExcerptFont":{"family":"Default","variation":"Default","size":"CT_CSS_SKIP_RULE","line-height":"CT_CSS_SKIP_RULE","letter-spacing":"CT_CSS_SKIP_RULE","text-transform":"CT_CSS_SKIP_RULE","text-decoration":"CT_CSS_SKIP_RULE"},"pageExcerptColor":{"default":{"color":"CT_CSS_SKIP_RULEDEFAULT"}},"breadcrumbsFont":{"family":"Default","variation":"Default","size":"CT_CSS_SKIP_RULE","line-height":"CT_CSS_SKIP_RULE","letter-spacing":"CT_CSS_SKIP_RULE","text-transform":"CT_CSS_SKIP_RULE","text-decoration":"CT_CSS_SKIP_RULE"},"breadcrumbsFontColor":{"default":{"color":"CT_CSS_SKIP_RULEDEFAULT"},"initial":{"color":"CT_CSS_SKIP_RULEDEFAULT"},"hover":{"color":"CT_CSS_SKIP_RULEDEFAULT"}},"pageTitleOverlay":{"background_type":"color","background_pattern":"type-1","background_image":{"attachment_id":null,"x":0,"y":0},"gradient":"linear-gradient(135deg,rgba(6,147,227,1) 0%,rgb(155,81,224) 100%)","background_repeat":"repeat","background_size":"auto","background_attachment":"scroll","patternColor":{"default":{"color":"#e5e7ea"}},"overlayColor":{"default":{"color":"CT_CSS_SKIP_RULE"}},"backgroundColor":{"default":{"color":"CT_CSS_SKIP_RULE"}}},"pageTitleBackground":{"background_type":"color","background_pattern":"type-1","background_image":{"attachment_id":null,"x":0,"y":0},"gradient":"linear-gradient(135deg,rgba(6,147,227,1) 0%,rgb(155,81,224) 100%)","background_repeat":"repeat","background_size":"auto","background_attachment":"scroll","patternColor":{"default":{"color":"#e5e7ea"}},"overlayColor":{"default":{"color":"CT_CSS_SKIP_RULE"}},"backgroundColor":{"default":{"color":"var(--theme-palette-color-6)"}}},"pageTitlePadding":{"top":"50px","bottom":"50px","left":"auto","right":"auto","linked":true},"e98905844e9464c4296cb10ee82cc4c6":"","page_structure_type":"default","bf312acd49fc1dbe9763196c4388e3ad":"","content_style_source":"inherit","content_style":"wide","vertical_spacing_source":"custom","content_area_spacing":"none","background":{"background_type":"color","background_pattern":"type-1","background_image":{"attachment_id":null,"x":0,"y":0},"gradient":"linear-gradient(135deg,rgba(6,147,227,1) 0%,rgb(155,81,224) 100%)","background_repeat":"repeat","background_size":"auto","background_attachment":"scroll","patternColor":{"default":{"color":"#e5e7ea"}},"overlayColor":{"default":{"color":"CT_CSS_SKIP_RULE"}},"backgroundColor":{"default":{"color":"CT_CSS_SKIP_RULE"}}},"content_background":{"background_type":"color","background_pattern":"type-1","background_image":{"attachment_id":null,"x":0,"y":0},"gradient":"linear-gradient(135deg,rgba(6,147,227,1) 0%,rgb(155,81,224) 100%)","background_repeat":"repeat","background_size":"auto","background_attachment":"scroll","patternColor":{"default":{"color":"#e5e7ea"}},"overlayColor":{"default":{"color":"CT_CSS_SKIP_RULE"}},"backgroundColor":{"default":{"color":"var(--theme-palette-color-8)"}}},"content_boxed_shadow":{"inherit":false,"blur":18,"spread":-6,"v_offset":12,"h_offset":0,"inset":false,"enable":true,"color":{"color":"rgba(34, 56, 101, 0.04)"}},"content_boxed_border":{"width":1,"style":"none","color":{"color":"rgba(44,62,80,0.2)"}},"content_boxed_radius":{"top":"3px","bottom":"3px","left":"3px","right":"3px","linked":true},"boxed_content_spacing":{"desktop":{"top":"40px","bottom":"40px","left":"40px","right":"40px","linked":true},"tablet":{"top":"35px","bottom":"35px","left":"35px","right":"35px","linked":true},"mobile":{"top":"20px","bottom":"20px","left":"20px","right":"20px","linked":true}},"e38c533ec187e40a1a8aca4b283f3617":"","disable_featured_image":"no","disable_share_box":"no","disable_header":"no","disable_footer":"no","styles_descriptor":{"styles":{"desktop":"","tablet":"","mobile":""},"google_fonts":[],"version":6}},"yoast_head":"<!-- This site is optimized with the Yoast SEO plugin v25.7 - https:\/\/yoast.com\/wordpress\/plugins\/seo\/ -->\n<title>Dla zawodnik\u00f3w - Wy\u015bcig G\u00f3rski Szczawne<\/title>\n<meta name=\"robots\" content=\"index, follow, max-snippet:-1, max-image-preview:large, max-video-preview:-1\" \/>\n<link rel=\"canonical\" href=\"https:\/\/wyscigszczawne.pl\/index.php\/dla-zawodnikow\/\" \/>\n<meta property=\"og:locale\" content=\"pl_PL\" \/>\n<meta property=\"og:type\" content=\"article\" \/>\n<meta property=\"og:title\" content=\"Dla zawodnik\u00f3w - Wy\u015bcig G\u00f3rski Szczawne\" \/>\n<meta property=\"og:description\" content=\"Dla zawodnik\u00f3w\" \/>\n<meta property=\"og:url\" content=\"https:\/\/wyscigszczawne.pl\/index.php\/dla-zawodnikow\/\" \/>\n<meta property=\"og:site_name\" content=\"Wy\u015bcig G\u00f3rski Szczawne\" \/>\n<meta property=\"article:publisher\" content=\"https:\/\/www.facebook.com\/wyscig.gorski.szczawne\" \/>\n<meta property=\"article:modified_time\" content=\"2025-08-27T21:00:07+00:00\" \/>\n<meta property=\"og:image\" content=\"https:\/\/wyscigszczawne.pl\/wp-content\/uploads\/2025\/08\/457680250_1082770073281511_1888729060391827414_n-scaled.jpg\" \/>\n\t<meta property=\"og:image:width\" content=\"1945\" \/>\n\t<meta property=\"og:image:height\" content=\"2560\" \/>\n\t<meta property=\"og:image:type\" content=\"image\/jpeg\" \/>\n<meta name=\"twitter:card\" content=\"summary_large_image\" \/>\n<meta name=\"twitter:label1\" content=\"Szacowany czas czytania\" \/>\n\t<meta name=\"twitter:data1\" content=\"1 minuta\" \/>\n<script type=\"application\/ld+json\" class=\"yoast-schema-graph\">{\"@context\":\"https:\/\/schema.org\",\"@graph\":[{\"@type\":\"WebPage\",\"@id\":\"https:\/\/wyscigszczawne.pl\/index.php\/dla-zawodnikow\/\",\"url\":\"https:\/\/wyscigszczawne.pl\/index.php\/dla-zawodnikow\/\",\"name\":\"Dla zawodnik\u00f3w - Wy\u015bcig G\u00f3rski Szczawne\",\"isPartOf\":{\"@id\":\"https:\/\/wyscigszczawne.pl\/#website\"},\"primaryImageOfPage\":{\"@id\":\"https:\/\/wyscigszczawne.pl\/index.php\/dla-zawodnikow\/#primaryimage\"},\"image\":{\"@id\":\"https:\/\/wyscigszczawne.pl\/index.php\/dla-zawodnikow\/#primaryimage\"},\"thumbnailUrl\":\"https:\/\/wyscigszczawne.pl\/wp-content\/uploads\/2025\/08\/457680250_1082770073281511_1888729060391827414_n-778x1024.jpg\",\"datePublished\":\"2022-08-15T16:16:28+00:00\",\"dateModified\":\"2025-08-27T21:00:07+00:00\",\"breadcrumb\":{\"@id\":\"https:\/\/wyscigszczawne.pl\/index.php\/dla-zawodnikow\/#breadcrumb\"},\"inLanguage\":\"pl-PL\",\"potentialAction\":[{\"@type\":\"ReadAction\",\"target\":[\"https:\/\/wyscigszczawne.pl\/index.php\/dla-zawodnikow\/\"]}]},{\"@type\":\"ImageObject\",\"inLanguage\":\"pl-PL\",\"@id\":\"https:\/\/wyscigszczawne.pl\/index.php\/dla-zawodnikow\/#primaryimage\",\"url\":\"https:\/\/wyscigszczawne.pl\/wp-content\/uploads\/2025\/08\/457680250_1082770073281511_1888729060391827414_n-scaled.jpg\",\"contentUrl\":\"https:\/\/wyscigszczawne.pl\/wp-content\/uploads\/2025\/08\/457680250_1082770073281511_1888729060391827414_n-scaled.jpg\",\"width\":1945,\"height\":2560},{\"@type\":\"BreadcrumbList\",\"@id\":\"https:\/\/wyscigszczawne.pl\/index.php\/dla-zawodnikow\/#breadcrumb\",\"itemListElement\":[{\"@type\":\"ListItem\",\"position\":1,\"name\":\"Strona g\u0142\u00f3wna\",\"item\":\"https:\/\/wyscigszczawne.pl\/\"},{\"@type\":\"ListItem\",\"position\":2,\"name\":\"Dla zawodnik\u00f3w\"}]},{\"@type\":\"WebSite\",\"@id\":\"https:\/\/wyscigszczawne.pl\/#website\",\"url\":\"https:\/\/wyscigszczawne.pl\/\",\"name\":\"Wy\u015bcig G\u00f3rski Szczawne\",\"description\":\"Oficjalna strona Wy\u015bcigu G\u00f3rskiego Szczawne\",\"publisher\":{\"@id\":\"https:\/\/wyscigszczawne.pl\/#organization\"},\"potentialAction\":[{\"@type\":\"SearchAction\",\"target\":{\"@type\":\"EntryPoint\",\"urlTemplate\":\"https:\/\/wyscigszczawne.pl\/?s={search_term_string}\"},\"query-input\":{\"@type\":\"PropertyValueSpecification\",\"valueRequired\":true,\"valueName\":\"search_term_string\"}}],\"inLanguage\":\"pl-PL\"},{\"@type\":\"Organization\",\"@id\":\"https:\/\/wyscigszczawne.pl\/#organization\",\"name\":\"Automobilklub Kro\u015bnie\u0144ski\",\"url\":\"https:\/\/wyscigszczawne.pl\/\",\"logo\":{\"@type\":\"ImageObject\",\"inLanguage\":\"pl-PL\",\"@id\":\"https:\/\/wyscigszczawne.pl\/#\/schema\/logo\/image\/\",\"url\":\"https:\/\/wyscigszczawne.pl\/wp-content\/uploads\/2023\/09\/duze_logo-scaled.jpg\",\"contentUrl\":\"https:\/\/wyscigszczawne.pl\/wp-content\/uploads\/2023\/09\/duze_logo-scaled.jpg\",\"width\":2560,\"height\":581,\"caption\":\"Automobilklub Kro\u015bnie\u0144ski\"},\"image\":{\"@id\":\"https:\/\/wyscigszczawne.pl\/#\/schema\/logo\/image\/\"},\"sameAs\":[\"https:\/\/www.facebook.com\/wyscig.gorski.szczawne\"]}]}<\/script>\n<!-- \/ Yoast SEO plugin. -->","yoast_head_json":{"title":"Dla zawodnik\u00f3w - Wy\u015bcig G\u00f3rski Szczawne","robots":{"index":"index","follow":"follow","max-snippet":"max-snippet:-1","max-image-preview":"max-image-preview:large","max-video-preview":"max-video-preview:-1"},"canonical":"https:\/\/wyscigszczawne.pl\/index.php\/dla-zawodnikow\/","og_locale":"pl_PL","og_type":"article","og_title":"Dla zawodnik\u00f3w - Wy\u015bcig G\u00f3rski Szczawne","og_description":"Dla zawodnik\u00f3w","og_url":"https:\/\/wyscigszczawne.pl\/index.php\/dla-zawodnikow\/","og_site_name":"Wy\u015bcig G\u00f3rski Szczawne","article_publisher":"https:\/\/www.facebook.com\/wyscig.gorski.szczawne","article_modified_time":"2025-08-27T21:00:07+00:00","og_image":[{"width":1945,"height":2560,"url":"https:\/\/wyscigszczawne.pl\/wp-content\/uploads\/2025\/08\/457680250_1082770073281511_1888729060391827414_n-scaled.jpg","type":"image\/jpeg"}],"twitter_card":"summary_large_image","twitter_misc":{"Szacowany czas czytania":"1 minuta"},"schema":{"@context":"https:\/\/schema.org","@graph":[{"@type":"WebPage","@id":"https:\/\/wyscigszczawne.pl\/index.php\/dla-zawodnikow\/","url":"https:\/\/wyscigszczawne.pl\/index.php\/dla-zawodnikow\/","name":"Dla zawodnik\u00f3w - Wy\u015bcig G\u00f3rski Szczawne","isPartOf":{"@id":"https:\/\/wyscigszczawne.pl\/#website"},"primaryImageOfPage":{"@id":"https:\/\/wyscigszczawne.pl\/index.php\/dla-zawodnikow\/#primaryimage"},"image":{"@id":"https:\/\/wyscigszczawne.pl\/index.php\/dla-zawodnikow\/#primaryimage"},"thumbnailUrl":"https:\/\/wyscigszczawne.pl\/wp-content\/uploads\/2025\/08\/457680250_1082770073281511_1888729060391827414_n-778x1024.jpg","datePublished":"2022-08-15T16:16:28+00:00","dateModified":"2025-08-27T21:00:07+00:00","breadcrumb":{"@id":"https:\/\/wyscigszczawne.pl\/index.php\/dla-zawodnikow\/#breadcrumb"},"inLanguage":"pl-PL","potentialAction":[{"@type":"ReadAction","target":["https:\/\/wyscigszczawne.pl\/index.php\/dla-zawodnikow\/"]}]},{"@type":"ImageObject","inLanguage":"pl-PL","@id":"https:\/\/wyscigszczawne.pl\/index.php\/dla-zawodnikow\/#primaryimage","url":"https:\/\/wyscigszczawne.pl\/wp-content\/uploads\/2025\/08\/457680250_1082770073281511_1888729060391827414_n-scaled.jpg","contentUrl":"https:\/\/wyscigszczawne.pl\/wp-content\/uploads\/2025\/08\/457680250_1082770073281511_1888729060391827414_n-scaled.jpg","width":1945,"height":2560},{"@type":"BreadcrumbList","@id":"https:\/\/wyscigszczawne.pl\/index.php\/dla-zawodnikow\/#breadcrumb","itemListElement":[{"@type":"ListItem","position":1,"name":"Strona g\u0142\u00f3wna","item":"https:\/\/wyscigszczawne.pl\/"},{"@type":"ListItem","position":2,"name":"Dla zawodnik\u00f3w"}]},{"@type":"WebSite","@id":"https:\/\/wyscigszczawne.pl\/#website","url":"https:\/\/wyscigszczawne.pl\/","name":"Wy\u015bcig G\u00f3rski Szczawne","description":"Oficjalna strona Wy\u015bcigu G\u00f3rskiego Szczawne","publisher":{"@id":"https:\/\/wyscigszczawne.pl\/#organization"},"potentialAction":[{"@type":"SearchAction","target":{"@type":"EntryPoint","urlTemplate":"https:\/\/wyscigszczawne.pl\/?s={search_term_string}"},"query-input":{"@type":"PropertyValueSpecification","valueRequired":true,"valueName":"search_term_string"}}],"inLanguage":"pl-PL"},{"@type":"Organization","@id":"https:\/\/wyscigszczawne.pl\/#organization","name":"Automobilklub Kro\u015bnie\u0144ski","url":"https:\/\/wyscigszczawne.pl\/","logo":{"@type":"ImageObject","inLanguage":"pl-PL","@id":"https:\/\/wyscigszczawne.pl\/#\/schema\/logo\/image\/","url":"https:\/\/wyscigszczawne.pl\/wp-content\/uploads\/2023\/09\/duze_logo-scaled.jpg","contentUrl":"https:\/\/wyscigszczawne.pl\/wp-content\/uploads\/2023\/09\/duze_logo-scaled.jpg","width":2560,"height":581,"caption":"Automobilklub Kro\u015bnie\u0144ski"},"image":{"@id":"https:\/\/wyscigszczawne.pl\/#\/schema\/logo\/image\/"},"sameAs":["https:\/\/www.facebook.com\/wyscig.gorski.szczawne"]}]}},"_links":{"self":[{"href":"https:\/\/wyscigszczawne.pl\/index.php\/wp-json\/wp\/v2\/pages\/525","targetHints":{"allow":["GET"]}}],"collection":[{"href":"https:\/\/wyscigszczawne.pl\/index.php\/wp-json\/wp\/v2\/pages"}],"about":[{"href":"https:\/\/wyscigszczawne.pl\/index.php\/wp-json\/wp\/v2\/types\/page"}],"author":[{"embeddable":true,"href":"https:\/\/wyscigszczawne.pl\/index.php\/wp-json\/wp\/v2\/users\/1"}],"replies":[{"embeddable":true,"href":"https:\/\/wyscigszczawne.pl\/index.php\/wp-json\/wp\/v2\/comments?post=525"}],"version-history":[{"count":21,"href":"https:\/\/wyscigszczawne.pl\/index.php\/wp-json\/wp\/v2\/pages\/525\/revisions"}],"predecessor-version":[{"id":1547,"href":"https:\/\/wyscigszczawne.pl\/index.php\/wp-json\/wp\/v2\/pages\/525\/revisions\/1547"}],"wp:attachment":[{"href":"https:\/\/wyscigszczawne.pl\/index.php\/wp-json\/wp\/v2\/media?parent=525"}],"curies":[{"name":"wp","href":"https:\/\/api.w.org\/{rel}","templated":true}]}}